ve a(n).
6
Let i(u) = u**2 - 3*u + 3. Let o be ((-7)/21)/(2/(-24)). Let n = o - 0. Calculate i(n).
7
Let r(j) = -j + 1. Let v(h) = -h + 6. Let k(a) = -3*r(a) + v(a). Give k(-4).
-5
Suppose -4*b - 4 = -12. Let h(s) = -1 + 4*s - 1 + 2*s**3 - s**3 - 4*s**b. Determine h(3).
1
Let h be (-3)/(-9)*5*3. Suppose 0 = o, -h*k - 2*o + 80 = -k. Suppose 3*z - x + k = 0, 37 = -4*z + 5*x - 8. Let n(l) = l**2 + 5*l - 4. Give n(z).
-4
Let x(t) = -t**3 - 5*t**2 - 4*t + 4. Let a = 15 + -11. Suppose n + 20 = a*d, 2*n - 3*n = d. Give x(n).
4
Suppose 5*v - 7 = 8. Let p(z) be the third derivative of 0*z + 1/8*z**4 + z**2 + 0 + 1/6*z**v. Calculate p(-2).
-5
Let z be 21/6 + (-2)/(-4). Suppose -n - 8 = -4*g, 0 = z*n - 2*n + 3*g - 17. Let f(d) = d**2 - 2*d + 1. Calculate f(n).
9
Let o(t) = 2*t + 0*t - t. Let y be 32/(-14) + (-2)/(-7). What is o(y)?
-2
Let l(u) be the second derivative of 0 - 3*u - 2*u**2 + 1/6*u**3. Suppose -2*r + 2 = 3*t - 0, 0 = t + 2. Calculate l(r).
0
Let j(y) = y**2 - 3*y - 2. Let b(f) = -f**2 + 8*f + 4. Let l be b(9). Let u(o) = -2*o**2 + 5*o + 4. Let g(q) = l*j(q) - 2*u(q). Give g(5).
2
Let l(s) = -4*s**2 + 3*s**2 - 1 + 6*s + 0*s**2. Suppose 18*y - 50 = 8*y. What is l(y)?
4
Let b(k) = 2*k**2 + 9*k + 1. Let f(q) = q**2 + 5*q. Let n(x) = -6*b(x) + 11*f(x). Let j = 10 - 7. Suppose -2*s = j*s. Determine n(s).
-6
Let u = -3 - -4. Let s(f) = -f**3 + 2 - u - 2 - 2 - 3*f**2 - 3*f. Determine s(-2).
-1
Suppose -8 + 2 = 2*p + 5*x, -4*x - 12 = -2*p. Let z(b) = 0*b**3 + 0*b + 4*b**2 + p*b**3 + 4 - b**3 + 4*b. Calculate z(-3).
1
Let p(s) = s**3 + s**2 + 2. Let b(t) = -t**3 - 2*t**2 - 1. Let o(i) = 5*b(i) + 4*p(i). Suppose -g - g - 8 = u, 5*u + 4 = -4*g. What is o(g)?
3
Let o(h) = -6*h**2 - h + 2. Let k be o(1). Let i(x) = -x + 2. Calculate i(k).
7
Let m(s) = 4*s**3 - 27 - 12*s**3 + 26. Determine m(1).
-9
Let j(t) = t**3 - 8*t**2 + 8*t - 10. Let b be j(7). Let m = b + 3. Suppose m = h + 2*h. Let c(s) = s**3 - s**2 + 2. Calculate c(h).
2
Suppose 0 = -c + 5*c + 24. Let b(n) = n**2 + 1. Let s(r) = -5*r**2 + 7*r - 2. Let d(g) = -6*b(g) - s(g). Calculate d(c).
2
Let i(t) = -t**3 - 3*t**2 + 4*t + 3. Let h be i(-4). Let f(j) = -j + 3*j + h*j. Calculate f(-1).
-5
Let x(h) = h + 2. Suppose -2*n - 2*n = 0. Let i be x(n). Let c(b) = 3*b**2 - 3*b + 2. Let r(m) = 2*m**2 - 2*m + 1. Let z(d) = -5*c(d) + 8*r(d). What is z(i)?
0
Suppose -2*n + 5*f + 16 = -5, -5*n - 2*f + 38 = 0. Suppose 0*t - n = 2*t. Let o(r) = -r**3 - 5*r**2 - 5*r - 5. What is o(t)?
-1
Let l(p) = -p**2 + 0*p**2 - 3*p - 1 - 2. Suppose 2*o + 9 = -o. Let i be (-2)/(-6) + 10/o. Give l(i).
-3
Let o(c) = -c**2 + 1. Let n(t) = 10*t**3 + 3*t**2 - 4. Let f(a) = n(a) + 3*o(a). Calculate f(-1).
-11
Let m(u) be the third derivative of 0*u - u**2 + 5/6*u**3 + 0 + 1/24*u**4. Let p(x) = -2*x**2 + x. Let a be p(-1). Give m(a).
2
Let r(t) be the first derivative of t**2/2 + 7*t - 1. Let s be r(-6). Let m(f) = s + 2 - 3 + 2*f. Give m(2).
4
Let l(m) = -m + 9. Let x be l(6). Let t(s) = 5*s**2 - 4*s. Let z(u) = 4*u**2 - 3*u - 1. Let g(p) = 3*t(p) - 4*z(p). What is g(x)?
-5
Let c(o) = -4*o - 1. Suppose 4*v = 13 - 1. Suppose -1 = -v*r + 2. Let z be (r/(-3))/((-1)/3). Calculate c(z).
-5
Let p(n) = -n**3 - 5*n**2 + 6*n - 6. Let j be p(-6). Let s be 2/((-4)/j) - 0. Let i(h) = -h**2 - h - 1. Calculate i(s).
-13
Let b = -4 + 6. Suppose -10*g + 9 = -7*g. Let w(h) = 3*h**g + 6*h**3 + 2*h**b - 1 + 0. Calculate w(-1).
-8
Let l(i) = i**2 - 9*i - 1. Let r = -78 - -85. Calculate l(r).
-15
Let d(k) = 3*k**2 + 2*k. Suppose -22 = 7*x - 12*x - 4*r, 2*x - 10 = -2*r. What is d(x)?
16
Suppose 2*p = -4*f, -7*p = -4*f - 3*p + 24. Let d be (-1*3)/((-9)/12). Let b(i) = -i + d*i - 2 - f*i. Calculate b(5).
3
Let j(a) = -9*a**3 + 3*a**2 - 2*a - 1. Let x(y) = 19*y**3 - 7*y**2 + 5*y + 2. Let f(n) = 9*j(n) + 4*x(n). What is f(1)?
-5
Let m(j) = -j**2 - 4*j + 2. Let l be m(-5). Let i(q) be the third derivative of 2*q**2 + 1/60*q**5 + 0*q + 0 + 1/24*q**4 + 1/6*q**3. Calculate i(l).
7
Suppose 3*t + m = -3 + 13, -4*m = 5*t - 19. Let f(b) = t*b - 3*b + 2 + b. Suppose 4*a = 5*h - 24, 1 + 5 = -a + 5*h. Give f(a).
-4
Let s(j) = j**3 - 8*j**2 + 10*j - 16. Let q be s(7). Let t(u) be the third derivative of u**4/8 - 7*u**3/6 + 2*u**2. Give t(q).
8
Let h(y) = -y - 3. Let a be h(-3). Suppose a = -5*z + i + 9, 4*z + 0*z + 5*i = 13. Let f(s) = 2*s - 2. What is f(z)?
2
Let n(b) = -b + 2. Let w be ((1 + -2)*-1)/((-21)/(-63)). Calculate n(w).
-1
Let w(r) = -r**3 - 5*r**2 - 2*r + 4. Let b = -10 + 7. Determine w(b).
-8
Let x(o) = 6*o**2 - 11*o - 11. Let p(k) be the third derivative of -k**5/12 + 5*k**4/12 + 5*k**3/3 + 5*k**2. Let l(g) = 5*p(g) + 4*x(g). Give l(6).
6
Let l = -3 + 3. Let z(w) = w**2 - 3*w - 3 + l*w**2 + 7*w. Suppose -3*q + 4 - 1 = -5*a, -3*a - 1 = -2*q. What is z(q)?
-3
Let y = -3 + -1. Let l(v) be the first derivative of -v**3 - 23*v**2/2 + 15*v + 3. Let d(j) = -j**2 - 8*j + 5. Let w(b) = 11*d(b) - 4*l(b). Determine w(y).
-5
Let r(l) = l - 8. Let t = 2 - -4. Suppose t*p = 2*p. What is r(p)?
-8
Let b be 1/(1*(1 + -2)). Let g be 0*4*(-4)/(-48). Let v = g - b. Let w(c) = -5*c**2. Determine w(v).
-5
Let y(p) = 8*p + 7. Let r(b) = -4*b - 3. Let o(d) = -9*r(d) - 4*y(d). What is o(1)?
3
Suppose 3*s = -h + 2*s + 3, h = -5*s + 3. Suppose -5*i - 4*x = -h*x - 24, 0 = 4*i + 2*x - 18. Let r(v) = -v + 7. Calculate r(i).
2
Suppose 8*k - 4*k - 8 = 0. Let o(v) = -3 + 0*v**2 + 0*v**2 + 0*v**2 + v**k + 3*v. Calculate o(-5).
7
Let n = 0 + 0. Suppose -2*l + 2*s + 3 - 7 = 0, 17 = -l + 4*s. Let y(d) = -d**3 - d**2 + 6 + d**3 - 2*d**l + d**3. Determine y(n).
6
Let q(i) be the third derivative of -i**6/120 - i**5/15 + i**4/4 + i**3 - i**2. Suppose -5*w + 0*w + 5 = 0. Suppose 6 = -c + w. What is q(c)?
1
Let q(f) = 2*f - 5*f - f + 0*f - 3. Determine q(-2).
5
Let z(b) = -b - 3. Suppose 4*o - 16 = 0, -2*o + 8 = c + o. Determine z(c).
1
Let l = 2 - 4. Let v be 0 + -1 + l + 0. Let y(k) = k**2 + 6*k - 8. Let r(a) = -a**2 - 5*a + 7. Let c(f) = -4*r(f) - 3*y(f). What is c(v)?
-1
Let a(k) be the first derivative of -2*k - 1/2*k**2 + 4. Determine a(5).
-7
Let v(g) = -6 + 3*g**2 - 3*g**2 + 0 + g**2. Suppose 0*u = -3*u. What is v(u)?
-6
Let q(u) = -u**2 + u - 4. Suppose 4*n = 3*n. Calculate q(n).
-4
Let p(c) = -c**3 - 3*c**2 + 5*c + 4. Suppose 3*q - 2*i + 7 = -9, -5*q - 30 = -5*i. What is p(q)?
0
Let i(z) = z + 0*z - 3*z. Let c(s) be the second derivative of s**5/5 - s**4/6 + s**3/6 - s. Let v be c(1). Calculate i(v).
-6
Let c(l) = -l - 5. Let z(p) = -p - 4. Let j(b) = 4*c(b) - 5*z(b). What is j(-1)?
-1
Let g(f) = f**2 + 6*f. Let h = -6 + 14. Let b be 10/h + 5/(-20). Let z be -3 + b*(1 + -1). Determine g(z).
-9
Let j(q) be the first derivative of q**6/120 - q**5/15 + q**4/6 - 5*q**3/6 + 5*q**2/2 + 5. Let x(n) be the second derivative of j(n). Determine x(4).
11
Let l(p) = 5 - 14*p**3 - 3 - 4 - 6*p + 15*p**3 - 5*p**2. Calculate l(6).
-2
Let g(u) = -2*u**3 + 2*u**2 - 5*u - 1. Let k(v) = -3*v**3 + 5*v**2 - 9*v - 2. Let z(l) = 5*g(l) - 3*k(l). Determine z(-5).
-9
Let s(l) be the second derivative of -l**7/2520 + l**6/720 - l**4/4 - 3*l. Let f(g) be the third derivative of s(g). Calculate f(1).
0
Let o(i) = i**2 - 15*i - 10. Let p be o(16). Let r(f) = 2*f**2 - 10*f + 7. Determine r(p).
19
Let i(l) = -2 + 5*l + l**2 - 5*l - 2*l. What is i(3)?
1
Let u(l) = l**3 - 2*l**2 + 1. Let p(z) = z**2 - 9*z + 17. Let j be p(8). Let h = 7 - 0. Let d = j - h. What is u(d)?
1
Suppose -3*z - 3*s = 0, 2*z + 2*s + s + 2 = 0. Let k(h) = -2*h. What is k(z)?
-4
Let i(j) = -8*j - 4 + 4*j - 3*j**2 + 4*j**2. Let b be i(4). Let n(k) be the third derivative of -k**6/120 - k**5/12 - 7*k**4/24 - k**3 - k**2. What is n(b)?
6
Let q(m) = -m - 1. Let v be q(1). Let g(s) = 4*s + 3. Give g(v).
-5
Let m(t) = -t - 6 + 0 - 7 - 1. Determine m(0).
-14
Let a(l) = -5*l**2 + l - 13. Let r(p) = 11*p**2 - 2*p + 27. Let j(t) = -13*a(t) - 6*r(t). Calculate j(0).
7
Let w(p) = -p**3 + 4*p**2 + 3. Suppose -n - 46 = -4*b + 4*n, b = n + 11. Let y = 13 - b. Give w(y).
3
Let i(c) = -2*c**3 - 2*c**2 - 2*c - 1. Let v be i(-1). Let x(j) = -2*j**2 + 0*j**3 + 16*j - 15*j + 7*j**3 + 0*j**3. Give x(v).
6
Let r(u) = u - 5. Let t be r(10). Suppose 3 = t*q - 4*q. Let n(x) = q - x + 2 - 1. Calculate n(0).
4
Suppose 0 = -2*a - 1 + 3. Let i(w) be the first derivative o